{"id":151,"date":"2025-08-06T14:21:49","date_gmt":"2025-08-06T14:21:49","guid":{"rendered":"https:\/\/decor.sujk.dev\/?page_id=151"},"modified":"2025-08-06T14:21:49","modified_gmt":"2025-08-06T14:21:49","slug":"polityka-cookies","status":"publish","type":"page","link":"https:\/\/decor.sujk.dev\/index.php\/polityka-cookies\/","title":{"rendered":"Polityka Cookies"},"content":{"rendered":"\n<p>Poni\u017csza Polityka Cookies okre\u015bla zasady zapisywania i uzyskiwania dost\u0119pu do danych na Urz\u0105dzeniach U\u017cytkownik\u00f3w korzystaj\u0105cych z Serwisu do cel\u00f3w \u015bwiadczenia us\u0142ug drog\u0105 elektroniczn\u0105 przez Administratora Serwisu.<\/p>\n\n\n\n<h6 class=\"wp-block-heading\">\u00a7 1 Definicje<\/h6>\n\n\n\n<ul class=\"wp-block-list\">\n<li><strong>Serwis<\/strong>\u00a0\u2013 serwis internetowy dzia\u0142aj\u0105cy pod adresem\u00a0www.decor.net.pl<\/li>\n\n\n\n<li><strong>Serwis zewn\u0119trzny<\/strong>\u00a0\u2013 serwis internetowe partner\u00f3w, us\u0142ugodawc\u00f3w lub us\u0142ugobiorc\u00f3w Administratora<\/li>\n\n\n\n<li><strong>Administrator<\/strong>\u00a0\u2013 firma\u00a0Decor\u00a0, prowadz\u0105ca dzia\u0142alno\u015b\u0107 pod adresem: 38-457 Zr\u0119cin<br>ul. Polna 3D, o nadanym numerze identyfikacji podatkowej (NIP): 684-108-05-03, o nadanym numerze REGON: 370389445, \u015bwiadcz\u0105ca us\u0142ugi drog\u0105 elektroniczn\u0105 za po\u015brednictwem Serwisu oraz przechowuj\u0105ca i uzyskuj\u0105ca dost\u0119p do informacji w urz\u0105dzeniach U\u017cytkownika<\/li>\n\n\n\n<li><strong>U\u017cytkownik<\/strong>\u00a0\u2013 osoba fizyczna, dla kt\u00f3rej Administrator \u015bwiadczy us\u0142ugi drog\u0105 elektroniczna za po\u015brednictwem Serwisu.<\/li>\n\n\n\n<li><strong>Urz\u0105dzenie<\/strong>\u00a0\u2013 elektroniczne urz\u0105dzenie wraz z oprogramowaniem, za po\u015brednictwem, kt\u00f3rego U\u017cytkownik uzyskuje dost\u0119p do Serwisu<\/li>\n\n\n\n<li><strong>Cookies (ciasteczka)<\/strong>\u00a0\u2013 dane tekstowe gromadzone w formie plik\u00f3w zamieszczanych na Urz\u0105dzeniu U\u017cytkownika<\/li>\n<\/ul>\n\n\n\n<h6 class=\"wp-block-heading\">\u00a7 2 Rodzaje Cookies<\/h6>\n\n\n\n<ul class=\"wp-block-list\">\n<li><strong>Cookies wewn\u0119trzne<\/strong>\u00a0\u2013 pliki zamieszczane i odczytywane z Urz\u0105dzenia U\u017cytkownika przez system teleinformatyczny Serwisu<\/li>\n\n\n\n<li><strong>Cookies zewn\u0119trzne<\/strong>\u00a0\u2013 pliki zamieszczane i odczytywane z Urz\u0105dzenia U\u017cytkownika przez systemy teleinformatyczne Serwis\u00f3w zewn\u0119trznych<\/li>\n\n\n\n<li><strong>Cookies sesyjne<\/strong>\u00a0\u2013 pliki zamieszczane i odczytywane z Urz\u0105dzenia U\u017cytkownika przez Serwis\u00a0lub Serwisy zewn\u0119trzne\u00a0podczas jednej sesji danego Urz\u0105dzenia. Po zako\u0144czeniu sesji pliki s\u0105 usuwane z Urz\u0105dzenia U\u017cytkownika.<\/li>\n\n\n\n<li><strong>Cookies trwa\u0142e<\/strong>\u00a0\u2013 pliki zamieszczane i odczytywane z Urz\u0105dzenia U\u017cytkownika przez Serwis\u00a0lub Serwisy zewn\u0119trzne\u00a0do momentu ich r\u0119cznego usuni\u0119cia. Pliki nie s\u0105 usuwane automatycznie po zako\u0144czeniu sesji Urz\u0105dzenia chyba \u017ce konfiguracja Urz\u0105dzenia U\u017cytkownika jest ustawiona na tryb usuwanie plik\u00f3w Cookie po zako\u0144czeniu sesji Urz\u0105dzenia.<\/li>\n<\/ul>\n\n\n\n<h6 class=\"wp-block-heading\">\u00a7 3 Bezpiecze\u0144stwo<\/h6>\n\n\n\n<ul class=\"wp-block-list\">\n<li><strong>Mechanizmy sk\u0142adowania i odczytu<\/strong>\u00a0\u2013 Mechanizmy sk\u0142adowania i odczytu Cookies nie pozwalaj\u0105 na pobierania jakichkolwiek danych osobowych ani \u017cadnych informacji poufnych z Urz\u0105dzenia U\u017cytkownika. Przeniesienie na Urz\u0105dzenie U\u017cytkownika wirus\u00f3w, koni troja\u0144skich oraz innych robak\u00f3w jest praktynie niemo\u017cliwe.<\/li>\n\n\n\n<li><strong>Cookie wewn\u0119trzne<\/strong>\u00a0\u2013 zastosowane przez Administratora Cookie wewn\u0119trzne s\u0105 bezpieczne dla Urz\u0105dze\u0144 U\u017cytkownik\u00f3w<\/li>\n\n\n\n<li><strong>Cookie zewn\u0119trzne<\/strong>\u00a0\u2013 za bezpiecze\u0144stwo plik\u00f3w Cookie pochodz\u0105cych od partner\u00f3w Serwisu Administrator nie ponosi odpowiedzialno\u015bci. Lista partner\u00f3w zamieszczona jest w dalszej cz\u0119\u015bci Polityki Cookie.<\/li>\n<\/ul>\n\n\n\n<h6 class=\"wp-block-heading\">\u00a7 4 Cele do kt\u00f3rych wykorzystywane s\u0105 pliki Cookie<\/h6>\n\n\n\n<ul id=\"cele\" class=\"wp-block-list\">\n<li><strong>Usprawnienie i u\u0142atwienie dost\u0119pu do Serwisu<\/strong>\u00a0\u2013 Administrator mo\u017ce przechowywa\u0107 w plikach Cookie informacje o prefernecjach i ustawieniach u\u017cytkownika dotycz\u0105cych Serwisu aby usprawni\u0107, polepszy\u0107 i przy\u015bpieszy\u0107 \u015bwiadczenie us\u0142ug w ramach Serwisu.<\/li>\n\n\n\n<li><strong>Marketing i reklama<\/strong>\u00a0\u2013 Administrator\u00a0oraz Serwisy zewn\u0119trzne\u00a0wykorzystuj\u0105 pliki Cookie do cel\u00f3w marketingowych oraz serwowania reklam U\u017cytkownik\u00f3w.<\/li>\n\n\n\n<li><strong>Dane statystyczne<\/strong>\u00a0\u2013 Administrator\u00a0oraz Serwisy zewn\u0119trzne\u00a0wykorzystuje pliki Cookie do zbirania i przetwarzania danych statystycznych takich jak np. statystyki odwiedzin, statystyki Urz\u0105dze\u0144 U\u017cytkownik\u00f3w czy statystyki zachowa\u0144 u\u017cytkownik\u00f3w. Dane te zbierane s\u0105 w celu analizy i ulepszania Serwisu.<\/li>\n\n\n\n<li><strong>Serwowanie us\u0142ug multimedialnych<\/strong>\u00a0\u2013 Administrator\u00a0oraz Serwisy zewn\u0119trzne\u00a0wykorzystuje pliki Cookie do serwowania U\u017cytkownikom us\u0142ug multimedialnych.<\/li>\n\n\n\n<li><strong>Us\u0142ugi spo\u0142eczno\u015bciowe<\/strong>\u00a0\u2013 Administrator\u00a0oraz Serwisy zewn\u0119trzne\u00a0wykorzystuj\u0105 pliki Cookie do wsparcia us\u0142ug spo\u0142eczno\u015bciowych<\/li>\n<\/ul>\n\n\n\n<h6 class=\"wp-block-heading\">\u00a7 5 Serwisy zewn\u0119trzne<\/h6>\n\n\n\n<p id=\"zewinfo\">Administrator wsp\u00f3\u0142pracuje z nast\u0119puj\u0105cymi serwisami zewn\u0119trznymi, kt\u00f3re mog\u0105 zamieszcza\u0107 pliki Cookie na Urz\u0105dzeniach U\u017cytkownika:<\/p>\n\n\n\n<ul id=\"zewnetrzne\" class=\"wp-block-list\">\n<li><strong>Google Analytics<\/strong><\/li>\n\n\n\n<li><strong>Google AdSense<\/strong><\/li>\n\n\n\n<li><strong>Google AdWords<\/strong><\/li>\n\n\n\n<li><strong>Google+<\/strong><\/li>\n\n\n\n<li><strong>Facebook<\/strong><\/li>\n\n\n\n<li><strong>Twitter<\/strong><\/li>\n<\/ul>\n\n\n\n<h6 class=\"wp-block-heading\">\u00a7 6 Mo\u017cliwo\u015bci okre\u015blania warunk\u00f3w przechowywania i uzyskiwania dost\u0119pu na Urz\u0105dzeniach U\u017cytkownika przez Serwis&nbsp;i Serwisy zewn\u0119trzne<\/h6>\n\n\n\n<ul class=\"wp-block-list\">\n<li>U\u017cytkownik mo\u017ce w dowolnym momencie, samodzielnie zmieni\u0107 ustawienia dotycz\u0105ce zapisywania, usuwania oraz dost\u0119pu do danych zapisanych plik\u00f3w Cookies<\/li>\n\n\n\n<li>Informacje o sposobie wy\u0142\u0105czenia plik\u00f3w Cookie w najpopularniejszych przegl\u0105darkach komputerowych i urz\u0105dze\u0144 mobilnych dost\u0119pna s\u0105 na stronie:\u00a0<a href=\"http:\/\/jakwylaczyccookie.pl\/\">jak wy\u0142\u0105czy\u0107 cookie<\/a>.<\/li>\n\n\n\n<li>U\u017cytkownik mo\u017ce w dowolnym momencie usun\u0105\u0107 wszelkie zapisane do tej pory pliki Cookie korzystaj\u0105c z narz\u0119dzi Urz\u0105dzenia U\u017cytkownika za po\u015brednictwem kt\u00f3rego U\u017cytkowanik korzysta z us\u0142ug Serwisu.<\/li>\n<\/ul>\n\n\n\n<h6 class=\"wp-block-heading\">\u00a7 7 Wymagania Serwisu<\/h6>\n\n\n\n<ul class=\"wp-block-list\">\n<li>Ograniczenie zapisu i dost\u0119pu do plik\u00f3w Cookie na Urz\u0105dzeniu U\u017cytkownika mo\u017ce spowodowa\u0107 nieprawid\u0142owe dzia\u0142anie niekt\u00f3rych funkcji Serwisu.<\/li>\n\n\n\n<li>Administrator nie ponosi \u017cadnej odpowiedzialno\u015bci za nieprawid\u0142owo dzia\u0142aj\u0105ce funkcje Serwisu w przypadku gdy U\u017cytkownik ograniczy w jakikolwiek spos\u00f3b mo\u017cliwo\u015b\u0107 zapisywania i odczytu plik\u00f3w Cookie.<\/li>\n<\/ul>\n\n\n\n<h6 class=\"wp-block-heading\">\u00a7 8 Zmiany w Polityce Cookie<\/h6>\n\n\n\n<ul class=\"wp-block-list\">\n<li>Administrator zastrzega sobie prawo do dowolnej zmiany niniejszej Polityki Cookie bez konieczno\u015bci informowania o tym u\u017cytkownik\u00f3w.<\/li>\n\n\n\n<li>Wprowadzone zmiany w Polityce Cookie zawsze b\u0119d\u0105 publikowane na tej stronie.<\/li>\n\n\n\n<li>Wprowadzone zmiany wchodz\u0105 w \u017cycie w dniu publikacji Polityki Cookie.<\/li>\n<\/ul>\n","protected":false},"excerpt":{"rendered":"<p>Poni\u017csza Polityka Cookies okre\u015bla zasady zapisywania i uzyskiwania dost\u0119pu do danych na Urz\u0105dzeniach U\u017cytkownik\u00f3w korzystaj\u0105cych z Serwisu do cel\u00f3w \u015bwiadczenia us\u0142ug drog\u0105 elektroniczn\u0105 przez Administratora Serwisu. \u00a7 1 Definicje \u00a7 2 Rodzaje Cookies \u00a7 3 Bezpiecze\u0144stwo \u00a7 4 Cele do kt\u00f3rych wykorzystywane s\u0105 pliki Cookie \u00a7 5 Serwisy zewn\u0119trzne Administrator wsp\u00f3\u0142pracuje z nast\u0119puj\u0105cymi serwisami zewn\u0119trznymi, [&hellip;]<\/p>\n","protected":false},"author":1,"featured_media":0,"parent":0,"menu_order":0,"comment_status":"closed","ping_status":"closed","template":"","meta":{"_eb_attr":"","footnotes":""},"class_list":["post-151","page","type-page","status-publish","hentry"],"_links":{"self":[{"href":"https:\/\/decor.sujk.dev\/index.php\/wp-json\/wp\/v2\/pages\/151","targetHints":{"allow":["GET"]}}],"collection":[{"href":"https:\/\/decor.sujk.dev\/index.php\/wp-json\/wp\/v2\/pages"}],"about":[{"href":"https:\/\/decor.sujk.dev\/index.php\/wp-json\/wp\/v2\/types\/page"}],"author":[{"embeddable":true,"href":"https:\/\/decor.sujk.dev\/index.php\/wp-json\/wp\/v2\/users\/1"}],"replies":[{"embeddable":true,"href":"https:\/\/decor.sujk.dev\/index.php\/wp-json\/wp\/v2\/comments?post=151"}],"version-history":[{"count":1,"href":"https:\/\/decor.sujk.dev\/index.php\/wp-json\/wp\/v2\/pages\/151\/revisions"}],"predecessor-version":[{"id":152,"href":"https:\/\/decor.sujk.dev\/index.php\/wp-json\/wp\/v2\/pages\/151\/revisions\/152"}],"wp:attachment":[{"href":"https:\/\/decor.sujk.dev\/index.php\/wp-json\/wp\/v2\/media?parent=151"}],"curies":[{"name":"wp","href":"https:\/\/api.w.org\/{rel}","templated":true}]}}