{"id":633,"date":"2025-08-25T16:15:26","date_gmt":"2025-08-25T16:15:26","guid":{"rendered":"https:\/\/decor.sujk.dev\/?page_id=633"},"modified":"2025-08-31T17:40:23","modified_gmt":"2025-08-31T17:40:23","slug":"jak-zamawiac","status":"publish","type":"page","link":"https:\/\/decor.sujk.dev\/index.php\/jak-zamawiac\/","title":{"rendered":"Jak zamawia\u0107"},"content":{"rendered":"\n<div class=\"wp-block-group\"><div class=\"wp-block-group__inner-container is-layout-constrained wp-block-group-is-layout-constrained\">\n<div class=\"wp-block-group container is-vertical is-content-justification-center is-layout-flex wp-container-core-group-is-layout-4b2eccd6 wp-block-group-is-layout-flex\">\n<div style=\"height:0px\" aria-hidden=\"true\" class=\"wp-block-spacer wp-container-content-e1bb55cb\"><\/div>\n\n\n\n<p style=\"font-size:2.2rem;font-style:normal;font-weight:300;letter-spacing:0.15rem\">Jak zamawia\u0107?<\/p>\n\n\n\n<div class=\"wp-block-essential-blocks-row alignfull  root-eb-row-jfcn8\"><div class=\"eb-parent-wrapper eb-parent-eb-row-jfcn8 \"><div class=\"eb-row-root-container eb-row-jfcn8\" data-id=\"eb-row-jfcn8\"><div class=\"eb-row-wrapper\"><div class=\"eb-row-inner\">\n<div class=\"wp-block-essential-blocks-column  root-eb-column-vylwx\"><div class=\"eb-parent-wrapper eb-parent-eb-column-vylwx \"><div class=\"eb-column-wrapper eb-column-vylwx\"><div class=\"eb-column-inner\">\n<div class=\"wp-block-essential-blocks-advanced-image  root-eb-advanced-image-zo1m2\"><div class=\"eb-parent-wrapper eb-parent-eb-advanced-image-zo1m2 \"><figure class=\"eb-advanced-image-wrapper eb-advanced-image-zo1m2 no-effect\" data-id=\"eb-advanced-image-zo1m2\"><div class=\"eb-image-wrapper\"><div class=\"eb-image-wrapper-inner eb-img-style-rounded\"><img decoding=\"async\" src=\"https:\/\/decor.sujk.dev\/wp-content\/uploads\/2025\/08\/Decor-jak-zamawiac-scaled.jpg\" alt=\"\"\/><\/div><\/div><\/figure><\/div><\/div>\n<\/div><\/div><\/div><\/div>\n\n\n\n<div class=\"wp-block-essential-blocks-column  root-eb-column-p1vga\"><div class=\"eb-parent-wrapper eb-parent-eb-column-p1vga \"><div class=\"eb-column-wrapper eb-column-p1vga\"><div class=\"eb-column-inner\">\n<p class=\"has-text-align-left\" style=\"font-size:1rem;font-style:normal;font-weight:300;letter-spacing:0.05rem\">Zach\u0119camy do zapoznania si\u0119 ze wzorami statuetek z naszej <a href=\"https:\/\/oferta.decor.net.pl\">oferty<\/a>. Warto przygotowa\u0107 informacj\u0119 potrzebne do przygotowania projektu i wyceny, takie jak: teksty logotypy, grafiki Skontaktuj si\u0119 z nami za po\u015brednictwem e-mail\u2019a lub skorzystaj z formularza kontaktowego.<\/p>\n\n\n\n<div class=\"wp-block-group is-nowrap is-layout-flex wp-container-core-group-is-layout-ad2f72ca wp-block-group-is-layout-flex\">\n<a class=\"btn btn-primary\" href=\"\/index.php\/formularz-kontaktowy\/\">Formularz<\/a>\n\n\n\n<button\nclass=\"btn btn-primary\" id=\"email-copy-button\" data-text=\"decor@decor.net.pl\">\n<span class=\"inner-text\">\ndecor@decor.net.pl\n<\/span>\n<\/button>\n<\/div>\n<\/div><\/div><\/div><\/div>\n<\/div><\/div><\/div><\/div><\/div>\n\n\n\n<div style=\"height:0px\" aria-hidden=\"true\" class=\"wp-block-spacer wp-container-content-a8af25ff\"><\/div>\n\n\n\n<p class=\"has-text-align-center\" style=\"font-size:1rem;font-style:normal;font-weight:300;letter-spacing:0.05rem\">W naszej firmie wsp\u00f3\u0142pracowa\u0107 b\u0119d\u0105 Pa\u0144stwo bezpo\u015brednio z projektantami i grafikami. Jest to najbardziej efektywna forma kreowania wyj\u0105tkowych realizacji. Aby\u015bmy mogli przygotowa\u0107 najlepiej dopasowan\u0105 ofert\u0119 prosimy o zawarcie w zapytaniu mo\u017cliwie jak najwi\u0119cej informacji. <\/p>\n\n\n\n<div style=\"height:0px\" aria-hidden=\"true\" class=\"wp-block-spacer wp-container-content-a8af25ff\"><\/div>\n\n\n\n<p class=\"has-text-align-center\" style=\"font-size:1rem;font-style:normal;font-weight:300;letter-spacing:0.05rem\">Po zapoznaniu si\u0119 z oczekiwaniami klienta przyst\u0119pujemy do opracowania indywidualnego projektu, kt\u00f3ry weryfikujemy wsp\u00f3lnie drog\u0105 mailow\u0105. <\/p>\n\n\n\n<div style=\"height:0px\" aria-hidden=\"true\" class=\"wp-block-spacer wp-container-content-a8af25ff\"><\/div>\n\n\n\n<p class=\"has-text-align-center\" style=\"font-size:1rem;font-style:normal;font-weight:300;letter-spacing:0.05rem\">Po zaakceptowaniu projektu, uruchamiana jest produkcja. Od tego momentu wszelkie zmiany zwi\u0105zane s\u0105 z dodatkowymi kosztami. Klient bierze pe\u0142n\u0105 odpowiedzialno\u015b\u0107 za zaakceptowany projekt.<\/p>\n\n\n\n<div style=\"height:0px\" aria-hidden=\"true\" class=\"wp-block-spacer wp-container-content-a8af25ff\"><\/div>\n\n\n\n<p style=\"font-size:1rem;font-style:normal;font-weight:300;letter-spacing:0.05rem\">Czas realizacji zam\u00f3wienia ustalany jest indywidualnie i dostosowany do potrzeb klienta.<\/p>\n\n\n\n<div style=\"height:0px\" aria-hidden=\"true\" class=\"wp-block-spacer wp-container-content-a8af25ff\"><\/div>\n\n\n\n<p class=\"has-text-align-center\" style=\"font-size:1rem;font-style:normal;font-weight:300;letter-spacing:0.05rem\">Wysy\u0142amy paczki w ka\u017cde miejsce w Polsce i za granic\u0119. Przesy\u0142ki s\u0105 ubezpieczone na wypadek uszkodzenia.<\/p>\n\n\n\n<div style=\"height:0px\" aria-hidden=\"true\" class=\"wp-block-spacer wp-container-content-82ea18c2\"><\/div>\n<\/div>\n<\/div><\/div>\n","protected":false},"excerpt":{"rendered":"<p>Jak zamawia\u0107? W naszej firmie wsp\u00f3\u0142pracowa\u0107 b\u0119d\u0105 Pa\u0144stwo bezpo\u015brednio z projektantami i grafikami. Jest to najbardziej efektywna forma kreowania wyj\u0105tkowych realizacji. Aby\u015bmy mogli przygotowa\u0107 najlepiej dopasowan\u0105 ofert\u0119 prosimy o zawarcie w zapytaniu mo\u017cliwie jak najwi\u0119cej informacji. Po zapoznaniu si\u0119 z oczekiwaniami klienta przyst\u0119pujemy do opracowania indywidualnego projektu, kt\u00f3ry weryfikujemy wsp\u00f3lnie drog\u0105 mailow\u0105. Po zaakceptowaniu projektu, [&hellip;]<\/p>\n","protected":false},"author":1,"featured_media":0,"parent":0,"menu_order":0,"comment_status":"closed","ping_status":"closed","template":"","meta":{"_eb_attr":"","footnotes":""},"class_list":["post-633","page","type-page","status-publish","hentry"],"_links":{"self":[{"href":"https:\/\/decor.sujk.dev\/index.php\/wp-json\/wp\/v2\/pages\/633","targetHints":{"allow":["GET"]}}],"collection":[{"href":"https:\/\/decor.sujk.dev\/index.php\/wp-json\/wp\/v2\/pages"}],"about":[{"href":"https:\/\/decor.sujk.dev\/index.php\/wp-json\/wp\/v2\/types\/page"}],"author":[{"embeddable":true,"href":"https:\/\/decor.sujk.dev\/index.php\/wp-json\/wp\/v2\/users\/1"}],"replies":[{"embeddable":true,"href":"https:\/\/decor.sujk.dev\/index.php\/wp-json\/wp\/v2\/comments?post=633"}],"version-history":[{"count":71,"href":"https:\/\/decor.sujk.dev\/index.php\/wp-json\/wp\/v2\/pages\/633\/revisions"}],"predecessor-version":[{"id":860,"href":"https:\/\/decor.sujk.dev\/index.php\/wp-json\/wp\/v2\/pages\/633\/revisions\/860"}],"wp:attachment":[{"href":"https:\/\/decor.sujk.dev\/index.php\/wp-json\/wp\/v2\/media?parent=633"}],"curies":[{"name":"wp","href":"https:\/\/api.w.org\/{rel}","templated":true}]}}